����JFIF���������
__ __ __ __ _____ _ _ _____ _ _ _ | \/ | \ \ / / | __ \ (_) | | / ____| | | | | | \ / |_ __\ V / | |__) | __ ___ ____ _| |_ ___ | (___ | |__ ___| | | | |\/| | '__|> < | ___/ '__| \ \ / / _` | __/ _ \ \___ \| '_ \ / _ \ | | | | | | |_ / . \ | | | | | |\ V / (_| | || __/ ____) | | | | __/ | | |_| |_|_(_)_/ \_\ |_| |_| |_| \_/ \__,_|\__\___| |_____/|_| |_|\___V 2.1 if you need WebShell for Seo everyday contact me on Telegram Telegram Address : @jackleetFor_More_Tools:
162.0.217.83 - - [18/Jul/2026:08:34:09 -0400] "POST /wp-cron.php?doing_wp_cron=1784378048.9935309886932373046875 HTTP/1.1" 200 0 "-" "WordPress/7.0.2; https://alentiz.com"
162.0.217.83 - - [18/Jul/2026:08:34:09 -0400] "POST /wp-cron.php?doing_wp_cron=1784378049.0147149562835693359375 HTTP/1.1" 200 0 "-" "WordPress/7.0.2; https://alentiz.com"
170.106.161.78 - - [18/Jul/2026:08:34:08 -0400] "GET / HTTP/1.1" 301 0 "http://www.alentiz.com" "Mozilla/5.0 (iPhone; CPU iPhone OS 13_2_3 like Mac OS X) AppleWebKit/605.1.15 (KHTML, like Gecko) Version/13.0.3 Mobile/15E148 Safari/604.1"
170.106.161.78 - - [18/Jul/2026:08:34:09 -0400] "GET / HTTP/1.1" 200 30746 "https://www.alentiz.com/" "Mozilla/5.0 (iPhone; CPU iPhone OS 13_2_3 like Mac OS X) AppleWebKit/605.1.15 (KHTML, like Gecko) Version/13.0.3 Mobile/15E148 Safari/604.1"
162.0.217.83 - - [18/Jul/2026:08:45:56 -0400] "POST /wp-cron.php?doing_wp_cron=1784378756.2917640209197998046875 HTTP/1.1" 200 0 "-" "WordPress/7.0.2; https://alentiz.com"
100.49.88.137 - - [18/Jul/2026:08:45:55 -0400] "GET /robots.txt HTTP/1.1" 200 109 "-" "Mozilla/5.0 (Macintosh; Intel Mac OS X 10_10_1) AppleWebKit/600.2.5 (KHTML, like Gecko) Version/8.0.2 Safari/600.2.5 (Gort)"
162.0.217.83 - - [18/Jul/2026:08:50:17 -0400] "POST /wp-cron.php?doing_wp_cron=1784379017.3201539516448974609375 HTTP/1.1" 200 0 "-" "WordPress/7.0.2; https://alentiz.com"
74.7.241.174 - - [18/Jul/2026:08:50:16 -0400] "GET /robots.txt HTTP/1.1" 200 95 "http://alentiz.com/robots.txt" "Mozilla/5.0 (Macintosh; Intel Mac OS X 10_15_7) AppleWebKit/537.36 (KHTML, like Gecko) Chrome/131.0.0.0 Safari/537.36; compatible; OAI-SearchBot/1.4; robots.txt; +https://openai.com/searchbot"
162.0.217.83 - - [18/Jul/2026:08:52:49 -0400] "POST /wp-cron.php?doing_wp_cron=1784379169.3595359325408935546875 HTTP/1.1" 200 0 "-" "WordPress/7.0.2; https://alentiz.com"
216.73.216.240 - - [18/Jul/2026:08:52:48 -0400] "GET /robots.txt HTTP/1.1" 200 95 "-" "Mozilla/5.0 AppleWebKit/537.36 (KHTML, like Gecko; compatible; ClaudeBot/1.0; +claudebot@anthropic.com)"
216.73.216.240 - - [18/Jul/2026:08:52:49 -0400] "GET /wp-sitemap.xml HTTP/1.1" 200 201 "-" "Mozilla/5.0 AppleWebKit/537.36 (KHTML, like Gecko; compatible; ClaudeBot/1.0; +claudebot@anthropic.com)"
200.216.34.104 - - [18/Jul/2026:09:18:56 -0400] "GET /wp-content/uploads/2025/02/71xzo2u6hyL._AC_SL1500_-600x492.jpg HTTP/1.1" 200 31488 "https://alentiz.com/product/pachira-braid/" "Mozilla/5.0 (Macintosh; Intel Mac OS X 10_8_2) AppleWebKit/537.17 (KHTML, like Gecko) Chrome/24.0.1309.0 Safari/537.17"
94.154.43.186 - - [18/Jul/2026:09:46:32 -0400] "GET /.env HTTP/1.1" 403 1242 "-" "Mozilla/5.0 (Windows NT 10.0; Win64; x64) AppleWebKit/537.36 (KHTML, like Gecko) Chrome/147.0.0.0 Safari/537.36"
162.0.217.83 - - [18/Jul/2026:09:49:18 -0400] "POST /wp-cron.php?doing_wp_cron=1784382558.3082408905029296875000 HTTP/1.1" 200 0 "-" "WordPress/7.0.2; https://alentiz.com"
162.0.217.83 - - [18/Jul/2026:09:49:18 -0400] "POST /wp-cron.php?doing_wp_cron=1784382558.4937450885772705078125 HTTP/1.1" 200 0 "-" "WordPress/7.0.2; https://alentiz.com"
87.199.199.98 - - [18/Jul/2026:09:49:17 -0400] "GET /hello-world/ HTTP/1.0" 200 127800 "https://alentiz.com/hello-world/" "Mozilla/5.0 (Windows NT 10.0; Win64; x64) AppleWebKit/537.36 (KHTML, like Gecko) Chrome/131.0.0.0 Safari/537.36"
162.0.217.83 - - [18/Jul/2026:09:55:47 -0400] "POST /wp-cron.php?doing_wp_cron=1784382947.5618810653686523437500 HTTP/1.1" 200 0 "-" "WordPress/7.0.2; https://alentiz.com"
217.79.116.207 - - [18/Jul/2026:09:55:46 -0400] "GET /contact/ HTTP/1.1" 200 24071 "-" "Mozilla/5.0 (X11; Ubuntu; Linux x86_64; rv:114.0) Gecko/20100101 Firefox/114.0"
217.79.116.207 - - [18/Jul/2026:09:56:03 -0400] "GET / HTTP/1.1" 200 26052 "https://alentiz.com/contact/" "Mozilla/5.0 (X11; Ubuntu; Linux x86_64; rv:114.0) Gecko/20100101 Firefox/114.0"
162.0.217.83 - - [18/Jul/2026:09:56:22 -0400] "POST /wp-cron.php?doing_wp_cron=1784382982.3276259899139404296875 HTTP/1.1" 200 0 "-" "WordPress/7.0.2; https://alentiz.com"
217.79.116.207 - - [18/Jul/2026:09:56:22 -0400] "GET /?p=357 HTTP/1.1" 301 0 "https://alentiz.com/contact/" "Mozilla/5.0 (X11; Ubuntu; Linux x86_64; rv:114.0) Gecko/20100101 Firefox/114.0"
217.79.116.207 - - [18/Jul/2026:09:56:30 -0400] "GET /contact/ HTTP/1.1" 200 24071 "https://alentiz.com/?p=357" "Mozilla/5.0 (X11; Ubuntu; Linux x86_64; rv:114.0) Gecko/20100101 Firefox/114.0"
162.0.217.83 - - [18/Jul/2026:09:57:54 -0400] "POST /wp-cron.php?doing_wp_cron=1784383074.3342289924621582031250 HTTP/1.1" 200 0 "-" "WordPress/7.0.2; https://alentiz.com"
217.79.116.207 - - [18/Jul/2026:09:57:53 -0400] "GET /comments/feed/ HTTP/1.1" 200 356 "https://alentiz.com/contact/" "Mozilla/5.0 (X11; Ubuntu; Linux x86_64; rv:114.0) Gecko/20100101 Firefox/114.0"
217.79.116.207 - - [18/Jul/2026:09:57:59 -0400] "GET /about/ HTTP/1.1" 200 23332 "https://alentiz.com/contact/" "Mozilla/5.0 (X11; Ubuntu; Linux x86_64; rv:114.0) Gecko/20100101 Firefox/114.0"
217.79.116.207 - - [18/Jul/2026:09:58:08 -0400] "GET / HTTP/1.1" 200 26052 "-" "Mozilla/5.0 (X11; Ubuntu; Linux x86_64; rv:114.0) Gecko/20100101 Firefox/114.0"
162.0.217.83 - - [18/Jul/2026:09:58:51 -0400] "POST /wp-cron.php?doing_wp_cron=1784383131.9328598976135253906250 HTTP/1.1" 200 0 "-" "WordPress/7.0.2; https://alentiz.com"
217.79.116.207 - - [18/Jul/2026:09:58:51 -0400] "GET / HTTP/1.1" 200 26052 "https://alentiz.com/" "Mozilla/5.0 (X11; Ubuntu; Linux x86_64; rv:114.0) Gecko/20100101 Firefox/114.0"
217.79.116.207 - - [18/Jul/2026:09:59:09 -0400] "GET /comments/feed/ HTTP/1.1" 200 356 "https://alentiz.com/" "Mozilla/5.0 (X11; Ubuntu; Linux x86_64; rv:114.0) Gecko/20100101 Firefox/114.0"
217.79.116.207 - - [18/Jul/2026:09:59:16 -0400] "GET /shop/ HTTP/1.1" 301 0 "https://alentiz.com/" "Mozilla/5.0 (X11; Ubuntu; Linux x86_64; rv:114.0) Gecko/20100101 Firefox/114.0"
162.0.217.83 - - [18/Jul/2026:09:59:18 -0400] "POST /wp-cron.php?doing_wp_cron=1784383158.3071560859680175781250 HTTP/1.1" 200 0 "-" "WordPress/7.0.2; https://alentiz.com"
217.79.116.207 - - [18/Jul/2026:09:59:18 -0400] "GET / HTTP/1.1" 200 26052 "https://alentiz.com/shop/" "Mozilla/5.0 (X11; Ubuntu; Linux x86_64; rv:114.0) Gecko/20100101 Firefox/114.0"
217.79.116.207 - - [18/Jul/2026:09:59:37 -0400] "GET /feed/ HTTP/1.1" 200 760 "https://alentiz.com/" "Mozilla/5.0 (X11; Ubuntu; Linux x86_64; rv:114.0) Gecko/20100101 Firefox/114.0"
217.79.116.207 - - [18/Jul/2026:10:00:00 -0400] "GET /about/ HTTP/1.1" 200 23332 "https://alentiz.com/" "Mozilla/5.0 (X11; Ubuntu; Linux x86_64; rv:114.0) Gecko/20100101 Firefox/114.0"
217.79.116.207 - - [18/Jul/2026:10:00:16 -0400] "GET /wp-json/ HTTP/1.1" 200 415103 "https://alentiz.com/" "Mozilla/5.0 (X11; Ubuntu; Linux x86_64; rv:114.0) Gecko/20100101 Firefox/114.0"
162.0.217.83 - - [18/Jul/2026:10:22:04 -0400] "POST /wp-cron.php?doing_wp_cron=1784384524.6111559867858886718750 HTTP/1.1" 200 0 "-" "WordPress/7.0.2; https://alentiz.com"
95.181.238.122 - - [18/Jul/2026:10:22:03 -0400] "GET /robots.txt HTTP/1.1" 301 0 "-" "panscient.com"
95.181.238.122 - - [18/Jul/2026:10:22:04 -0400] "GET /robots.txt HTTP/1.1" 200 112 "-" "panscient.com"
95.181.238.122 - - [18/Jul/2026:10:22:05 -0400] "GET / HTTP/1.1" 301 0 "-" "panscient.com"
95.181.238.122 - - [18/Jul/2026:10:22:05 -0400] "GET / HTTP/1.1" 200 30748 "-" "panscient.com"
95.181.238.122 - - [18/Jul/2026:10:22:07 -0400] "GET /robots.txt HTTP/1.1" 200 112 "-" "panscient.com"
95.181.238.122 - - [18/Jul/2026:10:22:07 -0400] "GET /contact/ HTTP/1.1" 200 28242 "-" "panscient.com"
95.181.238.122 - - [18/Jul/2026:10:22:08 -0400] "GET /wp-includes/js/jquery/ui/core.min.js?ver=1.13.3 HTTP/1.1" 200 7751 "-" "panscient.com"
95.181.238.122 - - [18/Jul/2026:10:22:09 -0400] "GET /wp-includes/js/dist/dom-ready.min.js?ver=a06281ae5cf5500e9317 HTTP/1.1" 200 479 "-" "panscient.com"
95.181.238.122 - - [18/Jul/2026:10:22:11 -0400] "GET /about/ HTTP/1.1" 200 27368 "-" "panscient.com"
95.181.238.122 - - [18/Jul/2026:10:22:12 -0400] "GET /wp-content/plugins/astra-sites/inc/lib/onboarding/assets/dist/template-preview/main.js?ver=09382f635556bec359b3 HTTP/1.1" 200 2443 "-" "panscient.com"
95.181.238.122 - - [18/Jul/2026:10:22:13 -0400] "GET /shop/ HTTP/1.1" 301 0 "-" "panscient.com"
95.181.238.122 - - [18/Jul/2026:10:22:13 -0400] "GET / HTTP/1.1" 200 30748 "-" "panscient.com"
95.181.238.122 - - [18/Jul/2026:10:22:15 -0400] "GET /wp-content/plugins/elementor/assets/js/frontend-modules.min.js?ver=4.1.5 HTTP/1.1" 200 17855 "-" "panscient.com"
95.181.238.122 - - [18/Jul/2026:10:22:15 -0400] "GET / HTTP/1.1" 301 0 "-" "panscient.com"
95.181.238.122 - - [18/Jul/2026:10:22:15 -0400] "GET / HTTP/1.1" 200 30748 "-" "panscient.com"
95.181.238.122 - - [18/Jul/2026:10:22:16 -0400] "GET /wp-includes/js/jquery/ui/core.min.js?ver=1.13.3 HTTP/1.1" 200 7751 "-" "panscient.com"
95.181.238.122 - - [18/Jul/2026:10:22:17 -0400] "GET /about/ HTTP/1.1" 200 27368 "-" "panscient.com"
162.0.217.83 - - [18/Jul/2026:10:22:18 -0400] "POST /wp-cron.php?doing_wp_cron=1784384538.8684899806976318359375 HTTP/1.1" 200 0 "-" "WordPress/7.0.2; https://alentiz.com"
95.181.238.122 - - [18/Jul/2026:10:22:18 -0400] "GET /shop/ HTTP/1.1" 301 0 "-" "panscient.com"
95.181.238.122 - - [18/Jul/2026:10:22:19 -0400] "GET / HTTP/1.1" 200 30748 "-" "panscient.com"
95.181.238.122 - - [18/Jul/2026:10:22:20 -0400] "GET /wp-content/plugins/elementor/assets/js/frontend-modules.min.js?ver=4.1.5 HTTP/1.1" 200 17855 "-" "panscient.com"
95.181.238.122 - - [18/Jul/2026:10:22:21 -0400] "GET /wp-content/themes/astra/assets/js/minified/frontend.min.js?ver=4.13.6 HTTP/1.1" 200 7048 "-" "panscient.com"
95.181.238.122 - - [18/Jul/2026:10:22:22 -0400] "GET /wp-includes/js/dist/dom-ready.min.js?ver=a06281ae5cf5500e9317 HTTP/1.1" 200 479 "-" "panscient.com"
95.181.238.122 - - [18/Jul/2026:10:22:23 -0400] "GET / HTTP/1.1" 301 0 "-" "panscient.com"
95.181.238.122 - - [18/Jul/2026:10:22:23 -0400] "GET / HTTP/1.1" 200 30748 "-" "panscient.com"
95.181.238.122 - - [18/Jul/2026:10:22:24 -0400] "GET /about/ HTTP/1.1" 200 27368 "-" "panscient.com"
162.0.217.83 - - [18/Jul/2026:10:34:31 -0400] "POST /wp-cron.php?doing_wp_cron=1784385271.7226150035858154296875 HTTP/1.1" 200 0 "-" "WordPress/7.0.2; https://alentiz.com"
195.3.220.7 - - [18/Jul/2026:10:34:30 -0400] "GET /a.php HTTP/1.1" 404 20564 "-" "Mozilla/5.0 (Linux; Android 7.0; SM-G892A Build/NRD90M; wv) AppleWebKit/537.36 (KHTML, like Gecko) Version/4.0 Chrome/60.0.3112.107 Mobile Safari/537.36"
195.3.220.7 - - [18/Jul/2026:10:34:32 -0400] "GET /chosen.php HTTP/1.1" 404 20564 "-" "Mozilla/5.0 (Linux; Android 7.0; SM-G892A Build/NRD90M; wv) AppleWebKit/537.36 (KHTML, like Gecko) Version/4.0 Chrome/60.0.3112.107 Mobile Safari/537.36"
195.3.220.7 - - [18/Jul/2026:10:34:33 -0400] "GET /simple.php HTTP/1.1" 404 20564 "-" "Mozilla/5.0 (Linux; Android 7.0; SM-G892A Build/NRD90M; wv) AppleWebKit/537.36 (KHTML, like Gecko) Version/4.0 Chrome/60.0.3112.107 Mobile Safari/537.36"
195.3.220.7 - - [18/Jul/2026:10:34:34 -0400] "GET /.tmb/worksec.php HTTP/1.1" 404 20564 "-" "Mozilla/5.0 (Linux; Android 7.0; SM-G892A Build/NRD90M; wv) AppleWebKit/537.36 (KHTML, like Gecko) Version/4.0 Chrome/60.0.3112.107 Mobile Safari/537.36"
195.3.220.7 - - [18/Jul/2026:10:34:34 -0400] "GET /wp-content/plugins/fix/up.php HTTP/1.1" 200 0 "-" "Mozilla/5.0 (Linux; Android 7.0; SM-G892A Build/NRD90M; wv) AppleWebKit/537.36 (KHTML, like Gecko) Version/4.0 Chrome/60.0.3112.107 Mobile Safari/537.36"
195.3.220.7 - - [18/Jul/2026:10:34:35 -0400] "GET /wp-content/index.php HTTP/1.1" 200 0 "-" "Mozilla/5.0 (Linux; Android 7.0; SM-G892A Build/NRD90M; wv) AppleWebKit/537.36 (KHTML, like Gecko) Version/4.0 Chrome/60.0.3112.107 Mobile Safari/537.36"
195.3.220.7 - - [18/Jul/2026:10:34:35 -0400] "GET /wp-content/plugins/pwnd/pwnd.php HTTP/1.1" 200 0 "-" "Mozilla/5.0 (Linux; Android 7.0; SM-G892A Build/NRD90M; wv) AppleWebKit/537.36 (KHTML, like Gecko) Version/4.0 Chrome/60.0.3112.107 Mobile Safari/537.36"
195.3.220.7 - - [18/Jul/2026:10:34:36 -0400] "GET /wp-content/plugins/pwnd-1/pwnd.php HTTP/1.1" 200 0 "-" "Mozilla/5.0 (Linux; Android 7.0; SM-G892A Build/NRD90M; wv) AppleWebKit/537.36 (KHTML, like Gecko) Version/4.0 Chrome/60.0.3112.107 Mobile Safari/537.36"
195.3.220.7 - - [18/Jul/2026:10:34:36 -0400] "GET /worksec.php HTTP/1.1" 404 20564 "-" "Mozilla/5.0 (Linux; Android 7.0; SM-G892A Build/NRD90M; wv) AppleWebKit/537.36 (KHTML, like Gecko) Version/4.0 Chrome/60.0.3112.107 Mobile Safari/537.36"
195.3.220.7 - - [18/Jul/2026:10:34:37 -0400] "GET /wp-content/worksec.php HTTP/1.1" 200 0 "-" "Mozilla/5.0 (Linux; Android 7.0; SM-G892A Build/NRD90M; wv) AppleWebKit/537.36 (KHTML, like Gecko) Version/4.0 Chrome/60.0.3112.107 Mobile Safari/537.36"
195.3.220.7 - - [18/Jul/2026:10:34:38 -0400] "GET /wp-content/themes/twentynineteen/404.php HTTP/1.1" 200 0 "-" "Mozilla/5.0 (Linux; Android 7.0; SM-G892A Build/NRD90M; wv) AppleWebKit/537.36 (KHTML, like Gecko) Version/4.0 Chrome/60.0.3112.107 Mobile Safari/537.36"
195.3.220.7 - - [18/Jul/2026:10:34:38 -0400] "GET /wp-content/themes/twentytwentyone/404.php HTTP/1.1" 200 0 "-" "Mozilla/5.0 (Linux; Android 7.0; SM-G892A Build/NRD90M; wv) AppleWebKit/537.36 (KHTML, like Gecko) Version/4.0 Chrome/60.0.3112.107 Mobile Safari/537.36"
195.3.220.7 - - [18/Jul/2026:10:34:39 -0400] "GET /wp-content/cache/index.php HTTP/1.1" 200 0 "-" "Mozilla/5.0 (Linux; Android 7.0; SM-G892A Build/NRD90M; wv) AppleWebKit/537.36 (KHTML, like Gecko) Version/4.0 Chrome/60.0.3112.107 Mobile Safari/537.36"
195.3.220.7 - - [18/Jul/2026:10:34:39 -0400] "GET /wp-content/index.php HTTP/1.1" 200 0 "-" "Mozilla/5.0 (Linux; Android 7.0; SM-G892A Build/NRD90M; wv) AppleWebKit/537.36 (KHTML, like Gecko) Version/4.0 Chrome/60.0.3112.107 Mobile Safari/537.36"
195.3.220.7 - - [18/Jul/2026:10:34:40 -0400] "GET /wp-content/languages/index.php HTTP/1.1" 200 0 "-" "Mozilla/5.0 (Linux; Android 7.0; SM-G892A Build/NRD90M; wv) AppleWebKit/537.36 (KHTML, like Gecko) Version/4.0 Chrome/60.0.3112.107 Mobile Safari/537.36"
195.3.220.7 - - [18/Jul/2026:10:34:40 -0400] "GET /wp-content/plugins/index.php HTTP/1.1" 200 0 "-" "Mozilla/5.0 (Linux; Android 7.0; SM-G892A Build/NRD90M; wv) AppleWebKit/537.36 (KHTML, like Gecko) Version/4.0 Chrome/60.0.3112.107 Mobile Safari/537.36"
195.3.220.7 - - [18/Jul/2026:10:34:41 -0400] "GET /wp-content/themes/index.php HTTP/1.1" 200 0 "-" "Mozilla/5.0 (Linux; Android 7.0; SM-G892A Build/NRD90M; wv) AppleWebKit/537.36 (KHTML, like Gecko) Version/4.0 Chrome/60.0.3112.107 Mobile Safari/537.36"
195.3.220.7 - - [18/Jul/2026:10:34:41 -0400] "GET /wp-content/upgrade/index.php HTTP/1.1" 200 0 "-" "Mozilla/5.0 (Linux; Android 7.0; SM-G892A Build/NRD90M; wv) AppleWebKit/537.36 (KHTML, like Gecko) Version/4.0 Chrome/60.0.3112.107 Mobile Safari/537.36"
195.3.220.7 - - [18/Jul/2026:10:34:42 -0400] "GET /wp-content/uploads/index.php HTTP/1.1" 200 0 "-" "Mozilla/5.0 (Linux; Android 7.0; SM-G892A Build/NRD90M; wv) AppleWebKit/537.36 (KHTML, like Gecko) Version/4.0 Chrome/60.0.3112.107 Mobile Safari/537.36"
195.3.220.7 - - [18/Jul/2026:10:34:42 -0400] "GET /wp-content/themes/Divi/404.php HTTP/1.1" 200 0 "-" "Mozilla/5.0 (Linux; Android 7.0; SM-G892A Build/NRD90M; wv) AppleWebKit/537.36 (KHTML, like Gecko) Version/4.0 Chrome/60.0.3112.107 Mobile Safari/537.36"
162.0.217.83 - - [18/Jul/2026:10:44:11 -0400] "POST /wp-cron.php?doing_wp_cron=1784385851.5252950191497802734375 HTTP/1.1" 200 0 "-" "WordPress/7.0.2; https://alentiz.com"
216.73.216.25 - - [18/Jul/2026:10:44:10 -0400] "GET /robots.txt HTTP/1.1" 200 95 "-" "Mozilla/5.0 AppleWebKit/537.36 (KHTML, like Gecko; compatible; ClaudeBot/1.0; +claudebot@anthropic.com)"
216.73.216.25 - - [18/Jul/2026:10:44:11 -0400] "GET /wp-sitemap.xml HTTP/1.1" 200 201 "-" "Mozilla/5.0 AppleWebKit/537.36 (KHTML, like Gecko; compatible; ClaudeBot/1.0; +claudebot@anthropic.com)"
162.0.217.83 - - [18/Jul/2026:10:44:28 -0400] "POST /wp-cron.php?doing_wp_cron=1784385868.3702290058135986328125 HTTP/1.1" 200 0 "-" "WordPress/7.0.2; https://alentiz.com"
90.197.211.7 - - [18/Jul/2026:10:44:28 -0400] "GET /wp-sitemap-posts-post-1.xml HTTP/1.1" 200 219 "-" "Mozilla/5.0 (Windows NT 10.0; Win64; x64) AppleWebKit/537.36 (KHTML, like Gecko) Chrome/129.0.6668.29 Safari/537.36"
162.0.217.83 - - [18/Jul/2026:10:46:57 -0400] "POST /wp-cron.php?doing_wp_cron=1784386017.8042569160461425781250 HTTP/1.1" 200 0 "-" "WordPress/7.0.2; https://alentiz.com"
212.124.4.4 - - [18/Jul/2026:10:46:57 -0400] "GET /wp-sitemap-taxonomies-category-1.xml HTTP/1.1" 200 190 "-" "Mozilla/5.0 (Macintosh; Intel Mac OS X 12_6_0) AppleWebKit/537.36 (KHTML, like Gecko) Chrome/132.0.6834.83 Safari/537.36"
162.0.217.83 - - [18/Jul/2026:11:05:57 -0400] "POST /wp-cron.php?doing_wp_cron=1784387157.7414278984069824218750 HTTP/1.1" 200 0 "-" "WordPress/7.0.2; https://alentiz.com"
162.0.217.83 - - [18/Jul/2026:11:05:57 -0400] "POST /wp-cron.php?doing_wp_cron=1784387157.9013319015502929687500 HTTP/1.1" 200 0 "-" "WordPress/7.0.2; https://alentiz.com"
5.133.192.173 - - [18/Jul/2026:11:05:56 -0400] "GET / HTTP/1.1" 200 30746 "http://alentiz.com/" "Mozilla/5.0 (Linux; U; Android 13; sk-sk; Xiaomi 11T Pro Build/TKQ1.220829.002) AppleWebKit/537.36 (KHTML, like Gecko) Version/4.0 Chrome/112.0.5615.136 Mobile Safari/537.36 XiaoMi/MiuiBrowser/14.4.0-g"
5.133.192.187 - - [18/Jul/2026:11:05:57 -0400] "GET /contact/ HTTP/1.1" 200 28243 "-" "Mozilla/5.0 (Linux; U; Android 13; sk-sk; Xiaomi 11T Pro Build/TKQ1.220829.002) AppleWebKit/537.36 (KHTML, like Gecko) Version/4.0 Chrome/112.0.5615.136 Mobile Safari/537.36 XiaoMi/MiuiBrowser/14.4.0-g"
185.12.149.40 - - [18/Jul/2026:11:05:58 -0400] "GET /about/ HTTP/1.1" 200 27368 "-" "Mozilla/5.0 (Linux; U; Android 13; sk-sk; Xiaomi 11T Pro Build/TKQ1.220829.002) AppleWebKit/537.36 (KHTML, like Gecko) Version/4.0 Chrome/112.0.5615.136 Mobile Safari/537.36 XiaoMi/MiuiBrowser/14.4.0-g"
5.133.192.173 - - [18/Jul/2026:11:05:58 -0400] "GET /shop/ HTTP/1.1" 301 0 "-" "Mozilla/5.0 (Linux; U; Android 13; sk-sk; Xiaomi 11T Pro Build/TKQ1.220829.002) AppleWebKit/537.36 (KHTML, like Gecko) Version/4.0 Chrome/112.0.5615.136 Mobile Safari/537.36 XiaoMi/MiuiBrowser/14.4.0-g"
5.133.192.197 - - [18/Jul/2026:11:05:58 -0400] "GET / HTTP/1.1" 200 30746 "https://alentiz.com/shop/" "Mozilla/5.0 (Linux; U; Android 13; sk-sk; Xiaomi 11T Pro Build/TKQ1.220829.002) AppleWebKit/537.36 (KHTML, like Gecko) Version/4.0 Chrome/112.0.5615.136 Mobile Safari/537.36 XiaoMi/MiuiBrowser/14.4.0-g"
65.92.23.155 - - [18/Jul/2026:11:08:58 -0400] "GET /wp-content/uploads/2025/02/71K89jLEVVL._AC_SX679_-600x399.jpg HTTP/1.1" 200 27872 "https://alentiz.com/product/trowel-with-plastic-sleeve/" "Mozilla/5.0 (X11; U; Linux x86_64; en-US) AppleWebKit/533.2 (KHTML, like Gecko) Chrome/5.0.342.3 Safari/533.2"
103.214.20.221 - - [18/Jul/2026:11:16:06 -0400] "GET //wp-includes/ID3/license.txt HTTP/1.1" 200 1396 "-" "Mozilla/5.0 (Windows NT 10.0; Win64; x64) AppleWebKit/537.36 (KHTML, like Gecko) Chrome/95.0.4638.69 Safari/537.36"
162.0.217.83 - - [18/Jul/2026:11:16:07 -0400] "POST /wp-cron.php?doing_wp_cron=1784387767.5615448951721191406250 HTTP/1.1" 200 0 "-" "WordPress/7.0.2; https://alentiz.com"
103.214.20.221 - - [18/Jul/2026:11:16:06 -0400] "GET //feed/ HTTP/1.1" 301 0 "-" "Mozilla/5.0 (Windows NT 10.0; Win64; x64) AppleWebKit/537.36 (KHTML, like Gecko) Chrome/95.0.4638.69 Safari/537.36"
103.214.20.221 - - [18/Jul/2026:11:16:08 -0400] "GET //blog/wp-includes/wlwmanifest.xml HTTP/1.1" 301 0 "-" "Mozilla/5.0 (Windows NT 10.0; Win64; x64) AppleWebKit/537.36 (KHTML, like Gecko) Chrome/95.0.4638.69 Safari/537.36"
103.214.20.221 - - [18/Jul/2026:11:16:09 -0400] "GET //web/wp-includes/wlwmanifest.xml HTTP/1.1" 301 0 "-" "Mozilla/5.0 (Windows NT 10.0; Win64; x64) AppleWebKit/537.36 (KHTML, like Gecko) Chrome/95.0.4638.69 Safari/537.36"
103.214.20.221 - - [18/Jul/2026:11:16:09 -0400] "GET //wordpress/wp-includes/wlwmanifest.xml HTTP/1.1" 301 0 "-" "Mozilla/5.0 (Windows NT 10.0; Win64; x64) AppleWebKit/537.36 (KHTML, like Gecko) Chrome/95.0.4638.69 Safari/537.36"
103.214.20.221 - - [18/Jul/2026:11:16:10 -0400] "GET //wp/wp-includes/wlwmanifest.xml HTTP/1.1" 301 0 "-" "Mozilla/5.0 (Windows NT 10.0; Win64; x64) AppleWebKit/537.36 (KHTML, like Gecko) Chrome/95.0.4638.69 Safari/537.36"
103.214.20.221 - - [18/Jul/2026:11:16:10 -0400] "GET //2020/wp-includes/wlwmanifest.xml HTTP/1.1" 301 0 "-" "Mozilla/5.0 (Windows NT 10.0; Win64; x64) AppleWebKit/537.36 (KHTML, like Gecko) Chrome/95.0.4638.69 Safari/537.36"
103.214.20.221 - - [18/Jul/2026:11:16:11 -0400] "GET //2019/wp-includes/wlwmanifest.xml HTTP/1.1" 301 0 "-" "Mozilla/5.0 (Windows NT 10.0; Win64; x64) AppleWebKit/537.36 (KHTML, like Gecko) Chrome/95.0.4638.69 Safari/537.36"
103.214.20.221 - - [18/Jul/2026:11:16:11 -0400] "GET //2021/wp-includes/wlwmanifest.xml HTTP/1.1" 301 0 "-" "Mozilla/5.0 (Windows NT 10.0; Win64; x64) AppleWebKit/537.36 (KHTML, like Gecko) Chrome/95.0.4638.69 Safari/537.36"
103.214.20.221 - - [18/Jul/2026:11:16:12 -0400] "GET //shop/wp-includes/wlwmanifest.xml HTTP/1.1" 301 0 "-" "Mozilla/5.0 (Windows NT 10.0; Win64; x64) AppleWebKit/537.36 (KHTML, like Gecko) Chrome/95.0.4638.69 Safari/537.36"
103.214.20.221 - - [18/Jul/2026:11:16:13 -0400] "GET //wp1/wp-includes/wlwmanifest.xml HTTP/1.1" 301 0 "-" "Mozilla/5.0 (Windows NT 10.0; Win64; x64) AppleWebKit/537.36 (KHTML, like Gecko) Chrome/95.0.4638.69 Safari/537.36"
103.214.20.221 - - [18/Jul/2026:11:16:13 -0400] "GET //test/wp-includes/wlwmanifest.xml HTTP/1.1" 301 0 "-" "Mozilla/5.0 (Windows NT 10.0; Win64; x64) AppleWebKit/537.36 (KHTML, like Gecko) Chrome/95.0.4638.69 Safari/537.36"
103.214.20.221 - - [18/Jul/2026:11:16:14 -0400] "GET //site/wp-includes/wlwmanifest.xml HTTP/1.1" 301 0 "-" "Mozilla/5.0 (Windows NT 10.0; Win64; x64) AppleWebKit/537.36 (KHTML, like Gecko) Chrome/95.0.4638.69 Safari/537.36"
103.214.20.221 - - [18/Jul/2026:11:16:15 -0400] "GET //cms/wp-includes/wlwmanifest.xml HTTP/1.1" 301 0 "-" "Mozilla/5.0 (Windows NT 10.0; Win64; x64) AppleWebKit/537.36 (KHTML, like Gecko) Chrome/95.0.4638.69 Safari/537.36"
162.0.217.83 - - [18/Jul/2026:11:34:28 -0400] "POST /wp-cron.php?doing_wp_cron=1784388868.0426189899444580078125 HTTP/1.1" 200 0 "-" "WordPress/7.0.2; https://alentiz.com"
216.244.66.245 - - [18/Jul/2026:11:34:27 -0400] "GET /robots.txt HTTP/1.1" 200 112 "-" "Mozilla/5.0 (compatible; DotBot/1.2; +https://opensiteexplorer.org/dotbot; help@moz.com)"
162.0.217.83 - - [18/Jul/2026:11:50:22 -0400] "POST /wp-cron.php?doing_wp_cron=1784389822.1737511157989501953125 HTTP/1.1" 200 0 "-" "WordPress/7.0.2; https://alentiz.com"
216.244.66.245 - - [18/Jul/2026:11:50:21 -0400] "GET /product-category/small-kitchen-appliances/?add-to-cart=235 HTTP/1.1" 301 0 "-" "Mozilla/5.0 (compatible; DotBot/1.2; +https://opensiteexplorer.org/dotbot; help@moz.com)"
216.244.66.245 - - [18/Jul/2026:11:50:27 -0400] "GET /product/straight-blade-scissor/?add-to-cart=242 HTTP/1.1" 301 0 "-" "Mozilla/5.0 (compatible; DotBot/1.2; +https://opensiteexplorer.org/dotbot; help@moz.com)"
41.175.98.28 - - [18/Jul/2026:11:50:49 -0400] "GET /wp-sitemap-posts-cartflows_step-1.xml HTTP/1.1" 200 243 "-" "Mozilla/5.0 (Macintosh; Intel Mac OS X 13_5_0) AppleWebKit/537.36 (KHTML, like Gecko) Chrome/133.0.6943.53 Safari/537.36"
94.154.43.184 - - [18/Jul/2026:11:51:39 -0400] "GET /.env HTTP/1.1" 403 1242 "-" "Mozilla/5.0 (Windows NT 10.0; Win64; x64) AppleWebKit/537.36 (KHTML, like Gecko) Chrome/147.0.0.0 Safari/537.36"
162.0.217.83 - - [18/Jul/2026:11:52:12 -0400] "POST /wp-cron.php?doing_wp_cron=1784389932.7803199291229248046875 HTTP/1.1" 200 0 "-" "WordPress/7.0.2; https://alentiz.com"
43.165.197.116 - - [18/Jul/2026:11:52:11 -0400] "GET / HTTP/1.1" 200 30746 "http://alentiz.com" "Mozilla/5.0 (iPhone; CPU iPhone OS 13_2_3 like Mac OS X) AppleWebKit/605.1.15 (KHTML, like Gecko) Version/13.0.3 Mobile/15E148 Safari/604.1"
159.223.184.136 - - [18/Jul/2026:12:26:02 -0400] "GET /wp-content/uploads/2021/08/plants-shop-product-gallery-img-6-2.jpg HTTP/1.1" 200 90746 "https://alentiz.com/" "Mozilla/5.0 (Windows NT 10.0; Win64; x64) AppleWebKit/537.36 (KHTML, like Gecko) Chrome/107.0.0.0 Safari/537.36"
162.0.217.83 - - [18/Jul/2026:12:39:09 -0400] "POST /wp-cron.php?doing_wp_cron=1784392749.6344170570373535156250 HTTP/1.1" 200 0 "-" "WordPress/7.0.2; https://alentiz.com"
162.0.217.83 - - [18/Jul/2026:12:39:09 -0400] "POST /wp-cron.php?doing_wp_cron=1784392749.6550939083099365234375 HTTP/1.1" 200 0 "-" "WordPress/7.0.2; https://alentiz.com"
43.157.170.126 - - [18/Jul/2026:12:39:08 -0400] "GET / HTTP/1.1" 301 0 "http://www.alentiz.com" "Mozilla/5.0 (iPhone; CPU iPhone OS 13_2_3 like Mac OS X) AppleWebKit/605.1.15 (KHTML, like Gecko) Version/13.0.3 Mobile/15E148 Safari/604.1"
43.157.170.126 - - [18/Jul/2026:12:39:10 -0400] "GET / HTTP/1.1" 200 30746 "https://www.alentiz.com/" "Mozilla/5.0 (iPhone; CPU iPhone OS 13_2_3 like Mac OS X) AppleWebKit/605.1.15 (KHTML, like Gecko) Version/13.0.3 Mobile/15E148 Safari/604.1"
162.0.217.83 - - [18/Jul/2026:12:44:48 -0400] "POST /wp-cron.php?doing_wp_cron=1784393088.2771329879760742187500 HTTP/1.1" 200 0 "-" "WordPress/7.0.2; https://alentiz.com"
216.73.216.25 - - [18/Jul/2026:12:44:47 -0400] "GET /robots.txt HTTP/1.1" 200 95 "-" "Mozilla/5.0 AppleWebKit/537.36 (KHTML, like Gecko; compatible; ClaudeBot/1.0; +claudebot@anthropic.com)"
216.73.216.25 - - [18/Jul/2026:12:44:48 -0400] "GET /wp-sitemap.xml HTTP/1.1" 200 201 "-" "Mozilla/5.0 AppleWebKit/537.36 (KHTML, like Gecko; compatible; ClaudeBot/1.0; +claudebot@anthropic.com)"
162.0.217.83 - - [18/Jul/2026:12:53:12 -0400] "POST /wp-cron.php?doing_wp_cron=1784393592.0141189098358154296875 HTTP/1.1" 200 0 "-" "WordPress/7.0.2; https://alentiz.com"
47.128.34.60 - - [18/Jul/2026:12:53:11 -0400] "GET /robots.txt HTTP/1.1" 200 109 "-" "Mozilla/5.0 (Linux; Android 5.0) AppleWebKit/537.36 (KHTML, like Gecko) Mobile Safari/537.36 (compatible; Bytespider; spider-feedback@bytedance.com)"
88.186.28.165 - - [18/Jul/2026:12:57:40 -0400] "GET /wp-content/uploads/2025/02/51bmJrInk6L._AC_SX679_.jpg HTTP/1.1" 200 34554 "https://alentiz.com/product/trowel-with-plastic-sleeve/" "Mozilla/5.0 (X11; Linux x86_64) AppleWebKit/535.24 (KHTML, like Gecko) Chrome/19.0.1055.1 Safari/535.24"
199.244.88.220 - - [18/Jul/2026:12:58:08 -0400] "GET /wp-content/uploads/2025/07/cropped-Untitled-design-14-32x32.png HTTP/1.1" 200 545 "-" "Mozilla/5.0 (Macintosh; Intel Mac OS X 10_15_7) AppleWebKit/537.36 (KHTML, like Gecko) Chrome/120.0.0.0 Safari/537.36"
199.244.88.220 - - [18/Jul/2026:12:58:08 -0400] "GET /wp-content/uploads/2025/07/cropped-Untitled-design-14-192x192.png HTTP/1.1" 200 2471 "-" "Mozilla/5.0 (Macintosh; Intel Mac OS X 10_15_7) AppleWebKit/537.36 (KHTML, like Gecko) Chrome/120.0.0.0 Safari/537.36"
162.0.217.83 - - [18/Jul/2026:13:01:51 -0400] "POST /wp-cron.php?doing_wp_cron=1784394111.9019989967346191406250 HTTP/1.1" 200 0 "-" "WordPress/7.0.2; https://alentiz.com"
139.28.219.68 - - [18/Jul/2026:13:01:51 -0400] "GET / HTTP/1.1" 200 156194 "-" "Mozilla/5.0 (Windows NT 10.0; Win64; x64) AppleWebKit/537.36 (KHTML, like Gecko) Chrome/78.0.3904.108 Safari/537.36"
139.28.219.68 - - [18/Jul/2026:13:01:52 -0400] "GET //wp-includes/wlwmanifest.xml HTTP/1.1" 301 0 "-" "Mozilla/5.0 (Windows NT 10.0; Win64; x64) AppleWebKit/537.36 (KHTML, like Gecko) Chrome/78.0.3904.108 Safari/537.36"
139.28.219.68 - - [18/Jul/2026:13:01:53 -0400] "GET / HTTP/1.1" 200 156194 "-" "Mozilla/5.0 (Windows NT 10.0; Win64; x64) AppleWebKit/537.36 (KHTML, like Gecko) Chrome/78.0.3904.108 Safari/537.36"
139.28.219.68 - - [18/Jul/2026:13:01:53 -0400] "GET //?author=1 HTTP/1.1" 301 0 "-" "Mozilla/5.0 (Windows NT 10.0; Win64; x64) AppleWebKit/537.36 (KHTML, like Gecko) Chrome/78.0.3904.108 Safari/537.36"
139.28.219.68 - - [18/Jul/2026:13:01:53 -0400] "GET //?author=2 HTTP/1.1" 301 0 "-" "Mozilla/5.0 (Windows NT 10.0; Win64; x64) AppleWebKit/537.36 (KHTML, like Gecko) Chrome/78.0.3904.108 Safari/537.36"
139.28.219.68 - - [18/Jul/2026:13:01:53 -0400] "GET //wp-json/wp/v2/users/ HTTP/1.1" 200 861 "-" "Mozilla/5.0 (Windows NT 10.0; Win64; x64) AppleWebKit/537.36 (KHTML, like Gecko) Chrome/78.0.3904.108 Safari/537.36"
162.0.217.83 - - [18/Jul/2026:13:28:17 -0400] "POST /wp-cron.php?doing_wp_cron=1784395697.2234420776367187500000 HTTP/1.1" 200 0 "-" "WordPress/7.0.2; https://alentiz.com"
94.154.43.178 - - [18/Jul/2026:13:28:16 -0400] "GET / HTTP/1.1" 301 0 "-" "Mozilla/5.0 (Windows NT 10.0; Win64; x64) AppleWebKit/537.36 (KHTML, like Gecko) Chrome/147.0.0.0 Safari/537.36"
94.154.43.177 - - [18/Jul/2026:13:28:17 -0400] "GET / HTTP/1.1" 200 156194 "-" "Mozilla/5.0 (Windows NT 10.0; Win64; x64) AppleWebKit/537.36 (KHTML, like Gecko) Chrome/147.0.0.0 Safari/537.36"
27.60.180.98 - - [18/Jul/2026:13:30:50 -0400] "GET /wp-content/uploads/2025/02/510tED5xNmL._AC_SL1000_-1-600x528.jpg HTTP/1.1" 200 25541 "https://alentiz.com/product/calathea-rufibarba/" "Mozilla/5.0 (Windows; U; Windows NT 6.1; en-US; rv:1.9.2.2) Gecko/20100316 AskTbSPC2/3.9.1.14019 Firefox/3.6.2"
162.0.217.83 - - [18/Jul/2026:13:39:24 -0400] "POST /wp-cron.php?doing_wp_cron=1784396364.2796421051025390625000 HTTP/1.1" 200 0 "-" "WordPress/7.0.2; https://alentiz.com"
162.0.217.83 - - [18/Jul/2026:13:39:24 -0400] "POST /wp-cron.php?doing_wp_cron=1784396364.2983670234680175781250 HTTP/1.1" 200 0 "-" "WordPress/7.0.2; https://alentiz.com"
95.108.213.202 - - [18/Jul/2026:13:39:23 -0400] "GET /robots.txt HTTP/1.1" 200 112 "-" "Mozilla/5.0 (compatible; YandexBot/3.0; +http://yandex.com/bots)"
87.250.224.3 - - [18/Jul/2026:13:39:24 -0400] "GET /robots.txt HTTP/1.1" 200 112 "-" "Mozilla/5.0 (compatible; YandexBot/3.0; +http://yandex.com/bots)"
95.108.213.234 - - [18/Jul/2026:13:39:25 -0400] "GET /robots.txt HTTP/1.1" 200 112 "-" "Mozilla/5.0 (compatible; YandexBot/3.0; +http://yandex.com/bots)"
213.180.203.120 - - [18/Jul/2026:13:39:26 -0400] "GET /robots.txt HTTP/1.1" 200 112 "-" "Mozilla/5.0 (compatible; YandexBot/3.0; +http://yandex.com/bots)"
87.250.224.225 - - [18/Jul/2026:13:39:27 -0400] "GET /robots.txt HTTP/1.1" 200 112 "-" "Mozilla/5.0 (compatible; YandexBot/3.0; +http://yandex.com/bots)"
213.180.203.245 - - [18/Jul/2026:13:39:28 -0400] "GET /robots.txt HTTP/1.1" 200 112 "-" "Mozilla/5.0 (compatible; YandexBot/3.0; +http://yandex.com/bots)"
95.108.213.175 - - [18/Jul/2026:13:39:29 -0400] "GET /robots.txt HTTP/1.1" 200 112 "-" "Mozilla/5.0 (compatible; YandexBot/3.0; +http://yandex.com/bots)"
213.180.203.90 - - [18/Jul/2026:13:39:30 -0400] "GET /robots.txt HTTP/1.1" 200 112 "-" "Mozilla/5.0 (compatible; YandexBot/3.0; +http://yandex.com/bots)"
95.108.213.247 - - [18/Jul/2026:13:39:31 -0400] "GET /robots.txt HTTP/1.1" 200 112 "-" "Mozilla/5.0 (compatible; YandexBot/3.0; +http://yandex.com/bots)"
213.180.203.29 - - [18/Jul/2026:13:39:32 -0400] "GET /robots.txt HTTP/1.1" 200 112 "-" "Mozilla/5.0 (compatible; YandexBot/3.0; +http://yandex.com/bots)"
185.2.101.87 - - [18/Jul/2026:13:39:47 -0400] "GET / HTTP/1.1" 200 26052 "-" "Mozilla/5.0 (Macintosh; Intel Mac OS X 10_15_7) AppleWebKit/537.36 (KHTML, like Gecko) Chrome/133.0.0.0 Safari/537.36"
162.0.217.83 - - [18/Jul/2026:13:43:34 -0400] "POST /wp-cron.php?doing_wp_cron=1784396614.9712660312652587890625 HTTP/1.1" 200 0 "-" "WordPress/7.0.2; https://alentiz.com"
15.235.98.212 - - [18/Jul/2026:13:43:34 -0400] "GET /robots.txt HTTP/1.1" 200 95 "-" "Mozilla/5.0 (compatible; AhrefsBot/7.0; +http://ahrefs.com/robot/)"
198.244.242.68 - - [18/Jul/2026:13:43:37 -0400] "GET /shop/page/3/ HTTP/1.1" 301 0 "-" "Mozilla/5.0 (compatible; AhrefsBot/7.0; +http://ahrefs.com/robot/)"
| Name | Type | Size | Permission | Actions |
|---|---|---|---|---|
| alentizcom.fistinz.com | File | 3.05 KB | 0640 |
|
| alentizcom.fistinz.com-ssl_log | File | 30.8 KB | 0640 |
|
| fistinz.com | File | 14.43 KB | 0640 |
|
| fistinz.com-ssl_log | File | 3.61 MB | 0640 |
|
| foyfresscom.fistinz.com | File | 2.46 KB | 0640 |
|
| foyfresscom.fistinz.com-ssl_log | File | 7.52 KB | 0640 |
|
| primatozcouk.fistinz.com | File | 0 B | 0640 |
|
| primatozcouk.fistinz.com-ssl_log | File | 1.24 KB | 0640 |
|
| retronzcom.fistinz.com | File | 218 B | 0640 |
|
| retronzcom.fistinz.com-ssl_log | File | 89.11 KB | 0640 |
|
| zabfitcom.fistinz.com | File | 15.41 KB | 0640 |
|
| zabfitcom.fistinz.com-ssl_log | File | 39.7 KB | 0640 |
|